5*y, 20 = -u*b + 6*b. Let d(l) = -l**2 - 3*l. Give d(y).
-28
Let j(g) = -6*g**3 + 2*g**2 - 2*g + 1. Let c = -1 - -10. Let d = -5 + c. Suppose -5*p + h = -0*h - 7, 4*p + d*h + 4 = 0. What is j(p)?
-5
Let w(n) be the first derivative of -n**4/4 + n**3/3 + n**2 + 3*n - 6684. Suppose -2*z - 4*y = -4, -5*z - y = 2*y - 3. Calculate w(z).
3
Let d = 327 - 312. Suppose -d*t - 67 = 68. Let j(o) = -1 + 10*o**2 - 9 + 9*o + 2 + o**3. Give j(t).
-8
Let w(y) be the first derivative of y**3 - 5*y**2/2 - 34*y - 79. Let o(c) = -c**2 + 2*c + 12. Let k(r) = -8*o(r) - 3*w(r). Calculate k(3).
-6
Let r = 51507/4906 - -3/2453. Let a(x) be the first derivative of 1 - r*x**2 + 0*x. Calculate a(1).
-21
Let o(y) = -2*y - 2. Let l be (-3 + -1)*102/(-24). Suppose -2*m + 2*j - 38 = 0, -5*m - 5*j - l = 28. Let s(a) = a + 10. Let p be s(m). What is o(p)?
6
Suppose 6 = -5*r - 2*n, 4*r + 12 = 3*n - 2. Let l(h) be the second derivative of -h**4/6 + h**3/3 - h**2/2 + 5*h. Determine l(r).
-13
Let d(n) = -55*n - 5. Let j(w) = -47*w. Let f(l) = -6*d(l) + 7*j(l). Calculate f(-9).
21
Let j = 26538 + -26535. Let t(r) = -9*r**2 + 27*r - 6. Determine t(j).
-6
Let h = 6 - 15. Let r(y) = y**3 + 9*y**2 + 4. Let q be r(h). Suppose -2*d = 2*n, 0 = -n + q*d - d - 16. Let f(k) = k**2 + 5*k + 2. What is f(n)?
-2
Let r = 400 + -403. Let g be 9 - (2 - (r + 2)*1). Let b(j) be the third derivative of -j**4/24 + j**3/2 - j**2. Calculate b(g).
-3
Let z(o) = -668*o - 17708. Let y(r) = -29*r - 770. Let a(h) = -68*y(h) + 3*z(h). What is a(-24)?
4
Let l(i) be the second derivative of 4*i**3 + 2*i**2 + i - 50. Let r be l(0). Let a(u) = u**3 - u**2 - 7*u + 6. Give a(r).
26
Let c be ((-2)/10 - (-96)/(-6))*-5. Let w(j) = j**2 - 67*j - 1130. Calculate w(c).
4
Let v(s) be the third derivative of 0 + 7/24*s**4 + 2*s**3 + 25*s - 1/60*s**5 - 2*s**2. Give v(9).
-6
Let q(y) = 33*y + 133 + 38 - 47 + 160 + 4*y. Calculate q(-8).
-12
Suppose 2*h - 12 = 5*h. Let a(n) be the second derivative of n**5/20 + n**4/6 - n**3/6 - 5*n**2/2 - 2*n - 46. Calculate a(h).
-33
Let j(m) be the second derivative of -m**4/4 + m**3/6 - 2*m**2 + 29*m. Let q(f) be the first derivative of j(f). Calculate q(-2).
13
Let d(j) = -11*j - 35. Let h(p) = -7*p - 23. Let r(g) = -5*d(g) + 8*h(g). Suppose -o + 45*o + 38*o = 0. Let z be r(o). Let b(n) = n + 11. Determine b(z).
2
Let k(n) = -n**2 - 18*n + 20. Let z(v) = 3*v**2 + 53*v - 55. Let t(x) = 17*k(x) + 6*z(x). Determine t(-13).
23
Let b(m) = m**2 + 13*m + 1 + 0*m**2 - m. Let o(q) = q. Let c(x) = b(x) - 5*o(x). Let d = -1896 - -1890. Determine c(d).
-5
Suppose 11*t = 7 + 81. Let b(o) = -41*o - 9*o + t*o. What is b(-1)?
42
Let n(p) be the first derivative of -2*p**2 - 42*p + 22. Determine n(-17).
26
Let d = 19631 - 19633. Let t(b) = 17*b - 3. Give t(d).
-37
Let c(t) = 4*t + 29. Let g be -1 - (-14)/5 - 6/(-30). Let y(m) = m + 9. Let j(k) = g*c(k) - 7*y(k). Give j(9).
4
Let b(r) = r**2 + 10*r - 11. Let x = 13812 - 13824. What is b(x)?
13
Suppose 4*m = 9*m - 25. Let n(q) = -q - 12. Let t(v) = -3*v - 26. Let l(a) = a + 9. Let i(u) = -7*l(u) - 2*t(u). Let o(y) = -6*i(y) + 5*n(y). Give o(m).
11
Let x(f) = -2 - 9*f + 23*f - 7*f - 7*f - 7*f. What is x(-1)?
5
Let a(u) = -u**3 - 31*u**2 + 66*u + 7. Let v be a(-33). Let t(z) = -4*z + 0 - v*z - z - z - 2. Determine t(1).
-15
Let p(o) = 7*o**3 - 2*o**2 + 4*o - 8. Let s(f) = f**3 - 2*f**2 - f - 1. Let a(t) = -p(t) + 6*s(t). Give a(-9).
11
Let i(w) be the first derivative of 1/2*w**2 - 1/4*w**4 + 2*w + 17 - 4/3*w**3. Let k be ((-3)/(-4))/((-2)/8). Give i(k).
-10
Let g = -1406 + 2090. Let v be (g/(-63) + 8)/((-4)/14). Let s(p) be the first derivative of -p**4/4 + 3*p**3 + 11*p**2/2 - 13*p - 4. What is s(v)?
-3
Let g(k) = 85*k - 50. Let p(u) = 237*u - 149. Let c(x) = -11*g(x) + 4*p(x). Calculate c(6).
32
Let m(y) = -28*y**2 + 17*y - 46. Let s(w) = 3*w**2 - w + 4. Let z(v) = m(v) + 9*s(v). Determine z(7).
-3
Let v(h) = -17*h - 67. Let r(z) = 27*z + 125. Let j(f) = 4*r(f) + 7*v(f). Determine j(2).
9
Let n(f) be the first derivative of -17 - 1/2*f**2 - 3*f. Let r be 6/2 - (11 + -3). Give n(r).
2
Let g = -46 + 53. Suppose 6 = g*p - 11*p + x, 0 = p - 4*x + 9. Let b(k) be the second derivative of k**5/10 + k**4/12 + k**3/6 + 2*k. Calculate b(p).
-2
Let v(b) = 14 - 26 - 31 - 32 + 26*b. Determine v(3).
3
Let b(z) = 2*z**2 + 59*z + 42*z + 61*z - 180*z - 11 + 56*z - z**3. Determine b(7).
10
Suppose -8*p - 4*p - 6*p - 36 = 0. Let l(w) = 7*w + 6. Give l(p).
-8
Let u(f) = f + 12. Suppose -81 = 61*y - 88*y. Suppose -y*w + 3*h = 18 - 15, w - 4*h + 4 = 0. Give u(w).
12
Let a(g) = -7*g - 12886 - 5*g + 12828. Let t be a(-5). Let h(f) = -11*f**2 + 3*f. Give h(t).
-38
Let k(h) be the first derivative of 4*h**3/3 + h**2 - 19*h - 3613. Determine k(3).
23
Let a be 656/20*2/(12/30). Let x = a - 162. Let b(r) = r**3 - 5 - 2*r + r**3 + 6 - 2*r**2. What is b(x)?
5
Let p(r) = -r**2 + 46*r + 101. Let n(q) = 509*q + 1066. Let d be n(-2). Calculate p(d).
5
Let i(b) = 7*b**3 + 15*b - 35. Let k be i(2). Let v(z) = -5 - 2*z**2 - 7*z + k*z**2 - 50*z**2. Determine v(-5).
5
Let b(x) = 11*x + 89. Let y = -5847 + 5835. Give b(y).
-43
Let o be (-3)/((-6)/10)*1. Suppose -h - 4*q = -10 + 2, 0 = -3*h + 2*q + 10. Let c(k) = -2*k**2 + 3*k**2 - 8*k + 0*k - 6 + 3 + h*k. Determine c(o).
2
Suppose 4*v + 88 = 5*l + 5*v, 2*l - 2*v - 28 = 0. Let q = 22 - l. Let z(b) = b - q - 6 + 13 + 1. Calculate z(0).
3
Let d(g) = 4*g - 10. Let v be d(4). Let n(q) = 2*q - 2*q - v + 6*q - q. Let a(u) = 4*u - 6. Let t(j) = -4*a(j) + 3*n(j). Determine t(6).
0
Let q(t) = -t**2 - 9*t - 9. Let v = 193 - 190. Suppose -3*r + v*d = 7*d + 46, -2*r = -5*d. Determine q(r).
-19
Let s(l) = 5*l**2 + 18*l - 6. Let j(u) = -7*u**2 - 34*u + 14. Let h(z) = -2*z**2 + z - 1. Let w(b) = -h(b) - j(b). Let i(v) = -5*s(v) + 3*w(v). What is i(-5)?
-4
Let m(p) = -p**3 + 6*p**2 - 6*p + 4. Let l = 607 + -615. Let q be 3 - (l - (-12 - (0 + -6))). Calculate m(q).
-1
Let m(f) = -5*f + 2. Let r(s) = 10*s - 41. Let v be r(6). Suppose -20*q = -v*q + 1. Calculate m(q).
7
Let a(t) = -9*t**2 - 2*t + 1. Suppose -5*d = -5*o - 45, -3*o - 23 = -5*d + 4*d. Let v be o/(-3) - -4*2/(-6). Give a(v).
-10
Suppose 6575 = 20*a + 2175. Let x be (-120)/a - 27/11. Let m(l) = -l**3 - 4*l**2 + 2. Give m(x).
-7
Let l(o) = 2*o**2 - 13*o - 1. Suppose 0 = 2*u - 2*y - 24, 113*u - 116*u = y - 12. What is l(u)?
-7
Let a be ((-4)/(-8))/((-2)/4). Let t(z) be the second derivative of 17*z**3/6 - 1013*z. Give t(a).
-17
Suppose 0 = d - 4*n + 55, -1596*n + 1600*n = 3*d + 93. Let a(i) = -i**2 - 17*i + 38. What is a(d)?
0
Let g(q) be the first derivative of q**3/3 - 4*q**2 - 11*q + 600. Determine g(-1).
-2
Let n = -15281 - -15335. Let m(t) = 9*t - 486. Give m(n).
0
Let i(m) be the first derivative of m**4/4 - m**2/2 + 8. Suppose -5*y + 2*t + 611 = 0, 2*y - t + 0*t = 245. Let c = y - 122. Determine i(c).
0
Suppose 2*d - 6*v + 9*v = 24, 5*d - 106 = 4*v. Suppose -59*q = -d*q + 41. Let y(b) be the third derivative of -b**5/20 + b**4/24 + b**2. What is y(q)?
-4
Let c(t) = 5*t**2 + 4 + t**3 - 12 + 39167*t - 39174*t. Let l be (-1)/4 - (-46)/(-8). Calculate c(l).
-2
Let a(d) = d**2 + 9*d + 6. Suppose -6*l + 3*l = -2*v - 3, 3*l + 33 = -2*v. Let g be a(v). Let m(b) = 1 + b + 1 - g - 4*b. What is m(-3)?
5
Suppose -2*l - 18 = 18*d - 6*l, -3*l + 5 = -5*d. Let k(f) = 18*f**2 - 6*f - 3. Determine k(d).
21
Let t(c) = 27*c**2 + c. Let z(l) = -l**3 - l**2 - l + 2. Let o be z(0). Let i be o*(-1 + (-2 - 35/(-10))). Calculate t(i).
28
Let p(a) = 3571*a - 14281. Let r be p(4). Let w(b) be the second derivative of 1 + 1/6*b**r - 13/2*b**2 + 14*b. Determine w(12).
-1
Suppose 11*r + 6*r + 255 = 0. Let l(y) = y**2 + 16*y + 21. Let u be l(r). Let c(h) = h**2 - 7*h - 6. Calculate c(u).
-12
Let p(k) = -k**3 + 6*k**2 - 5*k + 7. Let y be p(5). Let n(m) = -525*m + 1033*m - 521*m + 40. Let x(f) = -7*f + 22. Let z(i) = -6*n(i) + 11*x(i). Determine z(y).
9
Suppose 16*a = 14*a + 4. Suppose 13*y - 2 = -a. Let t(w) = -3*w + 2*w - 1 + y*w - 9*w**2. Calculate t(-1).
-9
Let f be (3/(-5))/((-18)/270). Let l(m) = -10*m + f*m - m**2 + 1 + 2*m. What is l(2)?
-1
Suppose 4*z = -h + 8, -1803*z + 1800*z + 6 = -4*h. Let v(r) be the second derivative of -r - 1/12*r**4 + 9/2*r**2 - 3/2*r**3 + h. What is v(-9)?
9
Let n(t) = 26*t**2 - 13*t. Let h(b) 